pose j*w = 81 - 25. What is the remainder when w is divided by 4?
3
Let t(m) be the second derivative of -m**4/12 - m**3 - m**2 + 4*m. Let b be t(-7). Let y = 4 - b. What is the remainder when 38 is divided by y?
12
Calculate the remainder when 18 - (3 + -1 + 0) is divided by (-1 + 0)*1 - 329/(-47).
4
Suppose 4*t - 9 = 7. Suppose -t*j = -h + 6*h - 26, j - 13 = 2*h. Calculate the remainder when 402/12 - (-1)/(-2) is divided by j.
6
Let s = 204 - 182. Calculate the remainder when 39 is divided by s.
17
Let w(q) = -9*q + 1. Let v(i) = -i**2 - 4*i - 4. Let d be v(-2). Suppose -3*f + f + 72 = d. What is the remainder when f is divided by w(-2)?
17
Suppose -a - 4*a - 540 = -2*j, -3*j - 3*a + 789 = 0. Suppose 3*d = 2*d + j. Suppose 4*v + v = d. What is the remainder when v is divided by 18?
17
Let q = 913 - 892. Calculate the remainder when 88 is divided by q.
4
Suppose 0 = -5*w + 5*m + 35, -3*w - 16 = -5*w + 3*m. Calculate the remainder when 12 is divided by 10*(6/w)/(-3)*-1.
0
Let y = 11 + 14. Let g = 52 - y. Suppose -4*u + 5*n + 23 = 0, 3*n = 4*u + n - 26. Calculate the remainder when g is divided by u.
6
Let g(t) = -2*t + 176. What is the remainder when g(28) is divided by 34?
18
Let z = 27 + -23. Calculate the remainder when 16 is divided by z.
0
Let o(f) = f**3 - 6*f**2 + 5*f - 25. Let r(h) = -h**2 + h. Let z(q) = -o(q) + 5*r(q). Calculate the remainder when 98 is divided by z(0).
23
Let t(l) = -l**2 - 14*l - 4. Let n be t(-10). Suppose n = z - 2*z. Let q = z + 70. What is the remainder when q is divided by 9?
7
Let a(h) = 2*h**2 - 12*h + 22. Calculate the remainder when 61 is divided by a(0).
17
Let y(j) = -j**2 + 2*j - 6. Let w(h) = -2*h**2 + 4*h - 11. Let i(b) = -3*w(b) + 5*y(b). Calculate the remainder when 6 is divided by i(3).
0
Let l = 30 + -15. Calculate the remainder when (-4)/18 - 1059*(-23)/621 is divided by l.
9
Suppose 5*t + 2*g = 447, -2*t - g = -2*g - 177. What is the remainder when t is divided by 9?
8
Let x(r) = 1664*r**3 - r**2 - 4*r + 4. Calculate the remainder when x(1) is divided by 14.
11
Let f = -96 - -121. What is the remainder when 81 is divided by f?
6
Let o(l) = 4*l + 41. Calculate the remainder when o(9) is divided by 8.
5
Suppose -5*b + 540 = -2*u, 2*b - u - 108 = 107. What is the remainder when b is divided by 16?
14
Let o(v) = -v**3 + 25*v**2 + 4*v - 67. What is the remainder when 52 is divided by o(25)?
19
Let l = -41 - -86. Let r be 5 + -1 + (-32)/(-2). Let m = r + l. What is the remainder when m is divided by 17?
14
Let v = 33 + -11. Let b be (-3)/(12/26)*2. Let d = b + 19. Calculate the remainder when v is divided by d.
4
Suppose 7*w = -44 + 205. Let b = -19 + w. Suppose 27 = -b*h + 2*o + 109, -o = 5*h - 120. What is the remainder when 88 is divided by h?
19
Let d(f) = f + 5. Let w be d(-3). Suppose -5*i + 8 = w*p, 0*p - 3*i = -2*p + 8. Let m = 11 - p. What is the remainder when 20 is divided by m?
6
Let s = -3 + 4. Suppose -s = -4*r + 3. Calculate the remainder when 4 - 1/(r/3) is divided by 1.
0
Suppose -3*p + 2*p - 1 = 0. What is the remainder when p/4 + (-154)/(-8) is divided by 1/(5/54) - (-120)/600?
8
Let g(o) = -o**2 - 2*o - 1. Let l be g(-4). Calculate the remainder when (-2)/5 + 94/10 is divided by (-4)/(3/(l/2)).
3
Let y(d) = -2*d**2 + 46*d + 16. What is the remainder when 596 is divided by y(21)?
96
Let g(w) = -w + 18. Let a be g(12). Suppose -a*v = v - 70. Calculate the remainder when 17 is divided by v.
7
Suppose 8*r - 9 - 7 = 0. Suppose 32 = 4*k - r*k. What is the remainder when (-87)/9*3/(-1) is divided by k?
13
Let i(r) = 10*r - 21. What is the remainder when 75 is divided by i(4)?
18
Suppose z - 36 = 12. Let t be 8/z - (-542)/(-12). Let d = t - -80. What is the remainder when d is divided by 18?
17
Let y = 229 + -200. What is the remainder when 82 is divided by y?
24
Let q be (-32)/3*36/24. Let y = -12 - q. What is the remainder when 5 is divided by y?
1
What is the remainder when (71/(-7) - 0)/(201/(-1407)) is divided by 26?
19
Suppose 6*c + 4 = 10*c. Let u = c + 2. Suppose u*t = 2 + 1. Calculate the remainder when 1 is divided by t.
0
Suppose -3*i = 17 - 5. What is the remainder when 49*i*2/(-8) is divided by 13?
10
Suppose -d + 18 - 75 = -r, 3*d = -3*r + 177. What is the remainder when (0/(-6))/(-6) + 345 is divided by r?
55
What is the remainder when (-1)/(-2*(1 - (-291)/(-294))) is divided by 19?
11
Let z be (4*-2)/4 - -4. Suppose 110 = z*j - 6. What is the remainder when j is divided by 15?
13
Suppose -27*r - 1180 = -5608. What is the remainder when r is divided by 5?
4
Suppose 0 = -13*d + 2029 - 1158. Suppose -49 = -4*c + 3*n, 3*c - 2*n - 56 = -2*c. Calculate the remainder when d is divided by c.
7
Calculate the remainder when 526 is divided by 612/162*18 - 1*2.
64
Let m(a) = -a**3 + 11*a**2 + 18*a - 49. Calculate the remainder when m(12) is divided by 12.
11
Let f be (-1 - 1 - -4) + 34. Suppose 0 = -a - 2*a + f. What is the remainder when 39 is divided by 19 + 3/(a/8)?
18
Let x(o) = -10*o**2 + 2*o + 1. Suppose 3*s + 2 = s. Let f be x(s). Let k = 24 + f. What is the remainder when 23 is divided by k?
10
Let z(m) = 9*m + 21. Let c be z(-8). Let i = 144 + c. Calculate the remainder when i is divided by 32.
29
Suppose 2*p = 3*a - 20, -3*a - 2*a - 3*p = -65. What is the remainder when a is divided by (24/(-28))/(1/(-7))?
4
Suppose 9 - 6 = g. Suppose 3*c = 5*o - 67 - 90, -g*o + c = -95. Calculate the remainder when o is divided by 17.
15
Let q be ((-24)/7)/((-1)/(-7)). Let r be (16/q)/(4/(-546)). Let j = -54 + r. What is the remainder when j is divided by 13?
11
Let p = 23 - -4. Let h = p - 17. What is the remainder when 14 is divided by h?
4
What is the remainder when 35 is divided by (-6 - (-188)/32) + (-306)/(-16)?
16
What is the remainder when 99 is divided by -3*7/63*-39?
8
Let f(h) = 5*h**2 - 2*h + 6. Let u = -23 - -38. Calculate the remainder when f(-3) is divided by u.
12
Let l(n) = -265*n + 819. Let k(h) = 18*h - 4. Calculate the remainder when k(4) is divided by l(3).
20
Let v = -7042 - -7051. Let r(g) = 6*g + 1. Let q be r(-4). Let x = q - -48. What is the remainder when x is divided by v?
7
Let g(z) = 9*z - 2. Let h = -3 + 5. Calculate the remainder when (h - 2) + 71 - -2 is divided by g(3).
23
Suppose z = -4*j + 15, -2*z = 2*j + 1 - 19. Calculate the remainder when 86 is divided by z.
2
What is the remainder when 74 is divided by (-2355)/(-90) + 4/(-24)?
22
Suppose 7*s - 236 = -19. Calculate the remainder when s is divided by 8.
7
Let z(g) = 30*g**3 - 2*g**2 + 36*g - 35. What is the remainder when 260 is divided by z(1)?
28
Let r = 9 + 6. Let c = 22 + -40. What is the remainder when r is divided by (2 + 3)*c/(-15)?
3
Let k(m) = 541*m**2 - 2*m + 1. Let d be k(1). Suppose 5*h - 3*x - 2*x = d, 2*h - 223 = -5*x. Calculate the remainder when h is divided by 10.
9
Let n = 38 - 25. Calculate the remainder when 142 is divided by n.
12
Let v = 159 - 46. What is the remainder when v is divided by 29?
26
Let h = -20 - -38. Suppose -12*l + 6*l = -282. Calculate the remainder when l is divided by h.
11
What is the remainder when 72 is divided by ((-5)/(-2) + -1)/(3/30)?
12
Let c = 85 - 80. Suppose -c*h + 11*h = 12. Calculate the remainder when 3 is divided by h.
1
Suppose -22*p - 64 = -636. Calculate the remainder when (-1464)/(-15) + (-6)/(-15) is divided by p.
20
Let w be 4/10*(22 - 12). Let u = 4 - w. Suppose 0 = 2*x - 4*f - 86, u = -0*f - 2*f + 10. Calculate the remainder when x is divided by 18.
17
Suppose 8*w - 236 = -60. What is the remainder when 131 is divided by w?
21
Suppose 242 + 1198 = 2*w. Calculate the remainder when w is divided by 19.
17
Suppose -3*f + 2*f + 441 = 5*w, 5*f = -3*w + 269. Let r = -63 + w. Let q = r + -14. What is the remainder when q is divided by 7?
4
Suppose 13*f - 11*f - 84 = 0. What is the remainder when f is divided by 25?
17
Calculate the remainder when 69 is divided by (6/(-9))/((-2)/72).
21
Let b be (-186)/(-42) + (-3)/7. Calculate the remainder when 118 is divided by 21 - (-7 + b) - 4.
18
Suppose h + 4*f - 17 = 0, -h + 0 + 1 = -4*f. Let q = 5 + 8. Calculate the remainder when q is divided by h.
4
Suppose 5*y = 2*y - 2*l - 66, 0 = -3*l + 9. Let v(h) = h**3 + 3*h**2 - 4*h - 3. Calculate the remainder when v(-3) is divided by (9/(-27))/(2/y).
1
Let 